{"id":360,"date":"2021-01-16T13:46:30","date_gmt":"2021-01-16T12:46:30","guid":{"rendered":"https:\/\/katsf.es\/inicio\/"},"modified":"2021-02-07T13:01:54","modified_gmt":"2021-02-07T12:01:54","slug":"inicio","status":"publish","type":"page","link":"https:\/\/katsf.es\/ca\/","title":{"rendered":"Inici"},"content":{"rendered":"<p>[et_pb_section fb_built=\u00bb1&#8243; fullwidth=\u00bbon\u00bb _builder_version=\u00bb4.8.0&#8243; _module_preset=\u00bbdefault\u00bb][et_pb_fullwidth_slider _builder_version=\u00bb4.8.0&#8243; _module_preset=\u00bbdefault\u00bb use_background_color_gradient=\u00bbon\u00bb background_color_gradient_start=\u00bb#991b2e\u00bb background_color_gradient_end=\u00bb#3f0026&#8243; background_color_gradient_direction=\u00bb1deg\u00bb custom_padding=\u00bb129px||132px|||\u00bb][et_pb_slide heading=\u00bbVAL\u00c8NCIA&#8217;N&#8217;METAL\u00bb _builder_version=\u00bb4.8.0&#8243; _module_preset=\u00bbdefault\u00bb body_font_size=\u00bb17px\u00bb body_line_height=\u00bb1.9em\u00bb sticky_transition=\u00bbon\u00bb]<\/p>\n<p>El que abans va ser el programa de r\u00e0dio creat originalment per a la UPV, VAL\u00c8NCIA&#8217;N&#8217;METAL, ara esdev\u00e9 independent i forma la seva pr\u00f2pia entitat amb un nou format polivalent que t\u00e9 com a objectiu cobrir totes les plataformes plausibles per oferir entrevistes l\u00edders i professionals del camp musical des de qualsevol lloc al planeta.\u00a0La seva creadora, organitzadora, directora i promotora, Kat SF, t\u00e9 m\u00e9s de deu anys d\u2019experi\u00e8ncia com a periodista de m\u00fasica i aut\u00f2noma, despr\u00e9s de la seva reconeguda carrera a la revista MetalHammer SPN i com a col\u00b7laboradora del webzine metaltrip.com<\/p>\n<p>[\/et_pb_slide][\/et_pb_fullwidth_slider][\/et_pb_section][et_pb_section fb_built=\u00bb1&#8243; inner_shadow=\u00bbon\u00bb admin_label=\u00bbsection\u00bb _builder_version=\u00bb4.8.0&#8243; use_background_color_gradient=\u00bbon\u00bb background_color_gradient_start=\u00bbrgba(193,193,193,0)\u00bb background_color_gradient_end=\u00bb#eaeaea\u00bb][et_pb_row column_structure=\u00bb2_3,1_3&#8243; admin_label=\u00bbrow\u00bb _builder_version=\u00bb3.25&#8243; background_size=\u00bbinitial\u00bb background_position=\u00bbtop_left\u00bb background_repeat=\u00bbrepeat\u00bb][et_pb_column type=\u00bb2_3&#8243; _builder_version=\u00bb3.25&#8243; custom_padding=\u00bb|||\u00bb custom_padding__hover=\u00bb|||\u00bb][et_pb_text _builder_version=\u00bb4.8.0&#8243; _module_preset=\u00bbdefault\u00bb]<\/p>\n<h1>Kat S.F.<\/h1>\n<p>[\/et_pb_text][et_pb_text _builder_version=\u00bb4.8.0&#8243; _module_preset=\u00bbdefault\u00bb]<\/p>\n<p>Nascuda a Val\u00e8ncia, \u201cla Terreta m\u00e9s bonica del m\u00f3n\u201d, Kat S.F. (Kat Escriv\u00e0) \u00e9s llicenciada en Filologia Hisp\u00e0nica per la Universitat de Val\u00e8ncia i actualment est\u00e0 cursant un m\u00e0ster en Periodisme Digital. Les seves virtuts com a escriptora i el seu gust per la m\u00fasica, la fan comen\u00e7ar &#8230;<\/p>\n<p>[\/et_pb_text][et_pb_button button_url=\u00bb@ET-DC@eyJkeW5hbWljIjp0cnVlLCJjb250ZW50IjoicG9zdF9saW5rX3VybF9wYWdlIiwic2V0dGluZ3MiOnsicG9zdF9pZCI6IjQ2In19@\u00bb button_text=\u00bbM\u00e9s sobre mi\u00bb _builder_version=\u00bb4.8.2&#8243; _dynamic_attributes=\u00bbbutton_url\u00bb _module_preset=\u00bbdefault\u00bb][\/et_pb_button][\/et_pb_column][et_pb_column type=\u00bb1_3&#8243; _builder_version=\u00bb3.25&#8243; custom_padding=\u00bb|||\u00bb custom_padding__hover=\u00bb|||\u00bb][et_pb_image src=\u00bbhttps:\/\/katsf.es\/wp-content\/uploads\/2021\/01\/FOTO-BIO.jpg\u00bb title_text=\u00bbFOTO BIO\u00bb _builder_version=\u00bb4.8.0&#8243; _module_preset=\u00bbdefault\u00bb][\/et_pb_image][\/et_pb_column][\/et_pb_row][\/et_pb_section][et_pb_section fb_built=\u00bb1&#8243; _builder_version=\u00bb4.8.0&#8243; _module_preset=\u00bbdefault\u00bb][et_pb_row _builder_version=\u00bb4.8.0&#8243; _module_preset=\u00bbdefault\u00bb][et_pb_column type=\u00bb4_4&#8243; _builder_version=\u00bb4.8.0&#8243; _module_preset=\u00bbdefault\u00bb][et_pb_blog fullwidth=\u00bboff\u00bb posts_number=\u00bb6&#8243; excerpt_length=\u00bb190&#8243; show_more=\u00bbon\u00bb show_author=\u00bboff\u00bb show_categories=\u00bboff\u00bb _builder_version=\u00bb4.8.0&#8243; _module_preset=\u00bbdefault\u00bb][\/et_pb_blog][\/et_pb_column][\/et_pb_row][\/et_pb_section]<\/p>\n","protected":false},"excerpt":{"rendered":"<p>El que abans va ser el programa de r\u00e0dio creat originalment per a la UPV, VAL\u00c8NCIA&#8217;N&#8217;METAL, ara esdev\u00e9 independent i forma la seva pr\u00f2pia entitat amb un nou format polivalent que t\u00e9 com a objectiu cobrir totes les plataformes plausibles per oferir entrevistes l\u00edders i professionals del camp musical des de qualsevol lloc al planeta.\u00a0La [&hellip;]<\/p>\n","protected":false},"author":1,"featured_media":0,"parent":0,"menu_order":0,"comment_status":"closed","ping_status":"closed","template":"","meta":{"_et_pb_use_builder":"on","_et_pb_old_content":"","_et_gb_content_width":"","footnotes":""},"class_list":["post-360","page","type-page","status-publish","hentry"],"yoast_head":"<!-- This site is optimized with the Yoast SEO plugin v28.3 - https:\/\/yoast.com\/product\/yoast-seo-wordpress\/ -->\n<title>Inici - VAL\u00c8NCIA&#039;N&#039;METAL por Kat SF<\/title>\n<meta name=\"robots\" content=\"index, follow, max-snippet:-1, max-image-preview:large, max-video-preview:-1\" \/>\n<link rel=\"canonical\" href=\"https:\/\/katsf.es\/ca\/\" \/>\n<meta property=\"og:locale\" content=\"ca_ES\" \/>\n<meta property=\"og:type\" content=\"article\" \/>\n<meta property=\"og:title\" content=\"Inici - VAL\u00c8NCIA&#039;N&#039;METAL por Kat SF\" \/>\n<meta property=\"og:description\" content=\"El que abans va ser el programa de r\u00e0dio creat originalment per a la UPV, VAL\u00c8NCIA&#039;N&#039;METAL, ara esdev\u00e9 independent i forma la seva pr\u00f2pia entitat amb un nou format polivalent que t\u00e9 com a objectiu cobrir totes les plataformes plausibles per oferir entrevistes l\u00edders i professionals del camp musical des de qualsevol lloc al planeta.\u00a0La [&hellip;]\" \/>\n<meta property=\"og:url\" content=\"https:\/\/katsf.es\/ca\/\" \/>\n<meta property=\"og:site_name\" content=\"VAL\u00c8NCIA&#039;N&#039;METAL por Kat SF\" \/>\n<meta property=\"article:modified_time\" content=\"2021-02-07T12:01:54+00:00\" \/>\n<meta name=\"twitter:card\" content=\"summary_large_image\" \/>\n<meta name=\"twitter:label1\" content=\"Temps estimat de lectura\" \/>\n\t<meta name=\"twitter:data1\" content=\"2 minuts\" \/>\n<script type=\"application\/ld+json\" class=\"yoast-schema-graph\">{\"@context\":\"https:\\\/\\\/schema.org\",\"@graph\":[{\"@type\":\"WebPage\",\"@id\":\"https:\\\/\\\/katsf.es\\\/ca\\\/\",\"url\":\"https:\\\/\\\/katsf.es\\\/ca\\\/\",\"name\":\"Inici - VAL\u00c8NCIA&#039;N&#039;METAL por Kat SF\",\"isPartOf\":{\"@id\":\"https:\\\/\\\/katsf.es\\\/ca\\\/#website\"},\"datePublished\":\"2021-01-16T12:46:30+00:00\",\"dateModified\":\"2021-02-07T12:01:54+00:00\",\"breadcrumb\":{\"@id\":\"https:\\\/\\\/katsf.es\\\/ca\\\/#breadcrumb\"},\"inLanguage\":\"ca\",\"potentialAction\":[{\"@type\":\"ReadAction\",\"target\":[\"https:\\\/\\\/katsf.es\\\/ca\\\/\"]}]},{\"@type\":\"BreadcrumbList\",\"@id\":\"https:\\\/\\\/katsf.es\\\/ca\\\/#breadcrumb\",\"itemListElement\":[{\"@type\":\"ListItem\",\"position\":1,\"name\":\"Portada\",\"item\":\"https:\\\/\\\/katsf.es\\\/ca\\\/\"},{\"@type\":\"ListItem\",\"position\":2,\"name\":\"Inici\"}]},{\"@type\":\"WebSite\",\"@id\":\"https:\\\/\\\/katsf.es\\\/ca\\\/#website\",\"url\":\"https:\\\/\\\/katsf.es\\\/ca\\\/\",\"name\":\"VAL\u00c8NCIA&#039;N&#039;METAL por Kat SF\",\"description\":\"entrevistas l\u00edderes y profesionales del campo musical\",\"potentialAction\":[{\"@type\":\"SearchAction\",\"target\":{\"@type\":\"EntryPoint\",\"urlTemplate\":\"https:\\\/\\\/katsf.es\\\/ca\\\/?s={search_term_string}\"},\"query-input\":{\"@type\":\"PropertyValueSpecification\",\"valueRequired\":true,\"valueName\":\"search_term_string\"}}],\"inLanguage\":\"ca\"}]}<\/script>\n<!-- \/ Yoast SEO plugin. -->","yoast_head_json":{"title":"Inici - VAL\u00c8NCIA&#039;N&#039;METAL por Kat SF","robots":{"index":"index","follow":"follow","max-snippet":"max-snippet:-1","max-image-preview":"max-image-preview:large","max-video-preview":"max-video-preview:-1"},"canonical":"https:\/\/katsf.es\/ca\/","og_locale":"ca_ES","og_type":"article","og_title":"Inici - VAL\u00c8NCIA&#039;N&#039;METAL por Kat SF","og_description":"El que abans va ser el programa de r\u00e0dio creat originalment per a la UPV, VAL\u00c8NCIA'N'METAL, ara esdev\u00e9 independent i forma la seva pr\u00f2pia entitat amb un nou format polivalent que t\u00e9 com a objectiu cobrir totes les plataformes plausibles per oferir entrevistes l\u00edders i professionals del camp musical des de qualsevol lloc al planeta.\u00a0La [&hellip;]","og_url":"https:\/\/katsf.es\/ca\/","og_site_name":"VAL\u00c8NCIA&#039;N&#039;METAL por Kat SF","article_modified_time":"2021-02-07T12:01:54+00:00","twitter_card":"summary_large_image","twitter_misc":{"Temps estimat de lectura":"2 minuts"},"schema":{"@context":"https:\/\/schema.org","@graph":[{"@type":"WebPage","@id":"https:\/\/katsf.es\/ca\/","url":"https:\/\/katsf.es\/ca\/","name":"Inici - VAL\u00c8NCIA&#039;N&#039;METAL por Kat SF","isPartOf":{"@id":"https:\/\/katsf.es\/ca\/#website"},"datePublished":"2021-01-16T12:46:30+00:00","dateModified":"2021-02-07T12:01:54+00:00","breadcrumb":{"@id":"https:\/\/katsf.es\/ca\/#breadcrumb"},"inLanguage":"ca","potentialAction":[{"@type":"ReadAction","target":["https:\/\/katsf.es\/ca\/"]}]},{"@type":"BreadcrumbList","@id":"https:\/\/katsf.es\/ca\/#breadcrumb","itemListElement":[{"@type":"ListItem","position":1,"name":"Portada","item":"https:\/\/katsf.es\/ca\/"},{"@type":"ListItem","position":2,"name":"Inici"}]},{"@type":"WebSite","@id":"https:\/\/katsf.es\/ca\/#website","url":"https:\/\/katsf.es\/ca\/","name":"VAL\u00c8NCIA&#039;N&#039;METAL por Kat SF","description":"entrevistas l\u00edderes y profesionales del campo musical","potentialAction":[{"@type":"SearchAction","target":{"@type":"EntryPoint","urlTemplate":"https:\/\/katsf.es\/ca\/?s={search_term_string}"},"query-input":{"@type":"PropertyValueSpecification","valueRequired":true,"valueName":"search_term_string"}}],"inLanguage":"ca"}]}},"_links":{"self":[{"href":"https:\/\/katsf.es\/ca\/wp-json\/wp\/v2\/pages\/360","targetHints":{"allow":["GET"]}}],"collection":[{"href":"https:\/\/katsf.es\/ca\/wp-json\/wp\/v2\/pages"}],"about":[{"href":"https:\/\/katsf.es\/ca\/wp-json\/wp\/v2\/types\/page"}],"author":[{"embeddable":true,"href":"https:\/\/katsf.es\/ca\/wp-json\/wp\/v2\/users\/1"}],"replies":[{"embeddable":true,"href":"https:\/\/katsf.es\/ca\/wp-json\/wp\/v2\/comments?post=360"}],"version-history":[{"count":5,"href":"https:\/\/katsf.es\/ca\/wp-json\/wp\/v2\/pages\/360\/revisions"}],"predecessor-version":[{"id":368,"href":"https:\/\/katsf.es\/ca\/wp-json\/wp\/v2\/pages\/360\/revisions\/368"}],"wp:attachment":[{"href":"https:\/\/katsf.es\/ca\/wp-json\/wp\/v2\/media?parent=360"}],"curies":[{"name":"wp","href":"https:\/\/api.w.org\/{rel}","templated":true}]}}

<p>[et_pb_section fb_built=»1&#8243; fullwidth=»on» _builder_version=»4.8.0&#8243; _module_preset=»default»][et_pb_fullwidth_slider _builder_version=»4.8.0&#8243; _module_preset=»default» use_background_color_gradient=»on» background_color_gradient_start=»#991b2e» background_color_gradient_end=»#3f0026&#8243; background_color_gradient_direction=»1deg» custom_padding=»129px||132px|||»][et_pb_slide heading=»VALÈNCIA&#8217;N&#8217;METAL» _builder_version=»4.8.0&#8243; _module_preset=»default» body_font_size=»17px» body_line_height=»1.9em» sticky_transition=»on»]</p>
<p>El que abans va ser el programa de ràdio creat originalment per a la UPV, VALÈNCIA&#8217;N&#8217;METAL, ara esdevé independent i forma la seva pròpia entitat amb un nou format polivalent que té com a objectiu cobrir totes les plataformes plausibles per oferir entrevistes líders i professionals del camp musical des de qualsevol lloc al planeta. La seva creadora, organitzadora, directora i promotora, Kat SF, té més de deu anys d’experiència com a periodista de música i autònoma, després de la seva reconeguda carrera a la revista MetalHammer SPN i com a col·laboradora del webzine metaltrip.com</p>
<p>[/et_pb_slide][/et_pb_fullwidth_slider][/et_pb_section][et_pb_section fb_built=»1&#8243; inner_shadow=»on» admin_label=»section» _builder_version=»4.8.0&#8243; use_background_color_gradient=»on» background_color_gradient_start=»rgba(193,193,193,0)» background_color_gradient_end=»#eaeaea»][et_pb_row column_structure=»2_3,1_3&#8243; admin_label=»row» _builder_version=»3.25&#8243; background_size=»initial» background_position=»top_left» background_repeat=»repeat»][et_pb_column type=»2_3&#8243; _builder_version=»3.25&#8243; custom_padding=»|||» custom_padding__hover=»|||»][et_pb_text _builder_version=»4.8.0&#8243; _module_preset=»default»]</p>
<h1>Kat S.F.</h1>
<p>[/et_pb_text][et_pb_text _builder_version=»4.8.0&#8243; _module_preset=»default»]</p>
<p>Nascuda a València, “la Terreta més bonica del món”, Kat S.F. (Kat Escrivà) és llicenciada en Filologia Hispànica per la Universitat de València i actualment està cursant un màster en Periodisme Digital. Les seves virtuts com a escriptora i el seu gust per la música, la fan començar &#8230;</p>
<p>[/et_pb_text][et_pb_button button_url=»@ET-DC@eyJkeW5hbWljIjp0cnVlLCJjb250ZW50IjoicG9zdF9saW5rX3VybF9wYWdlIiwic2V0dGluZ3MiOnsicG9zdF9pZCI6IjQ2In19@» button_text=»Més sobre mi» _builder_version=»4.8.2&#8243; _dynamic_attributes=»button_url» _module_preset=»default»][/et_pb_button][/et_pb_column][et_pb_column type=»1_3&#8243; _builder_version=»3.25&#8243; custom_padding=»|||» custom_padding__hover=»|||»][et_pb_image src=»https://katsf.es/wp-content/uploads/2021/01/FOTO-BIO.jpg» title_text=»FOTO BIO» _builder_version=»4.8.0&#8243; _module_preset=»default»][/et_pb_image][/et_pb_column][/et_pb_row][/et_pb_section][et_pb_section fb_built=»1&#8243; _builder_version=»4.8.0&#8243; _module_preset=»default»][et_pb_row _builder_version=»4.8.0&#8243; _module_preset=»default»][et_pb_column type=»4_4&#8243; _builder_version=»4.8.0&#8243; _module_preset=»default»][et_pb_blog fullwidth=»off» posts_number=»6&#8243; excerpt_length=»190&#8243; show_more=»on» show_author=»off» show_categories=»off» _builder_version=»4.8.0&#8243; _module_preset=»default»][/et_pb_blog][/et_pb_column][/et_pb_row][/et_pb_section]</p>

<p>El que abans va ser el programa de ràdio creat originalment per a la UPV, VALÈNCIA&#8217;N&#8217;METAL, ara esdevé independent i forma la seva pròpia entitat amb un nou format polivalent que té com a objectiu cobrir totes les plataformes plausibles per oferir entrevistes líders i professionals del camp musical des de qualsevol lloc al planeta. La [&hellip;]</p>

<!-- This site is optimized with the Yoast SEO plugin v28.3 - https://yoast.com/product/yoast-seo-wordpress/ -->
<title>Inici - VALÈNCIA&#039;N&#039;METAL por Kat SF</title>
<meta name="robots" content="index, follow, max-snippet:-1, max-image-preview:large, max-video-preview:-1" />
<link rel="canonical" href="https://katsf.es/ca/" />
<meta property="og:locale" content="ca_ES" />
<meta property="og:type" content="article" />
<meta property="og:title" content="Inici - VALÈNCIA&#039;N&#039;METAL por Kat SF" />
<meta property="og:description" content="El que abans va ser el programa de ràdio creat originalment per a la UPV, VALÈNCIA&#039;N&#039;METAL, ara esdevé independent i forma la seva pròpia entitat amb un nou format polivalent que té com a objectiu cobrir totes les plataformes plausibles per oferir entrevistes líders i professionals del camp musical des de qualsevol lloc al planeta. La [&hellip;]" />
<meta property="og:url" content="https://katsf.es/ca/" />
<meta property="og:site_name" content="VALÈNCIA&#039;N&#039;METAL por Kat SF" />
<meta property="article:modified_time" content="2021-02-07T12:01:54+00:00" />
<meta name="twitter:card" content="summary_large_image" />
<meta name="twitter:label1" content="Temps estimat de lectura" />
	<meta name="twitter:data1" content="2 minuts" />
<script type="application/ld+json" class="yoast-schema-graph">{"@context":"https:\/\/schema.org","@graph":[{"@type":"WebPage","@id":"https:\/\/katsf.es\/ca\/","url":"https:\/\/katsf.es\/ca\/","name":"Inici - VALÈNCIA&#039;N&#039;METAL por Kat SF","isPartOf":{"@id":"https:\/\/katsf.es\/ca\/#website"},"datePublished":"2021-01-16T12:46:30+00:00","dateModified":"2021-02-07T12:01:54+00:00","breadcrumb":{"@id":"https:\/\/katsf.es\/ca\/#breadcrumb"},"inLanguage":"ca","potentialAction":[{"@type":"ReadAction","target":["https:\/\/katsf.es\/ca\/"]}]},{"@type":"BreadcrumbList","@id":"https:\/\/katsf.es\/ca\/#breadcrumb","itemListElement":[{"@type":"ListItem","position":1,"name":"Portada","item":"https:\/\/katsf.es\/ca\/"},{"@type":"ListItem","position":2,"name":"Inici"}]},{"@type":"WebSite","@id":"https:\/\/katsf.es\/ca\/#website","url":"https:\/\/katsf.es\/ca\/","name":"VALÈNCIA&#039;N&#039;METAL por Kat SF","description":"entrevistas líderes y profesionales del campo musical","potentialAction":[{"@type":"SearchAction","target":{"@type":"EntryPoint","urlTemplate":"https:\/\/katsf.es\/ca\/?s={search_term_string}"},"query-input":{"@type":"PropertyValueSpecification","valueRequired":true,"valueName":"search_term_string"}}],"inLanguage":"ca"}]}</script>
<!-- / Yoast SEO plugin. -->

Inici - VALÈNCIA&#039;N&#039;METAL por Kat SF

El que abans va ser el programa de ràdio creat originalment per a la UPV, VALÈNCIA'N'METAL, ara esdevé independent i forma la seva pròpia entitat amb un nou format polivalent que té com a objectiu cobrir totes les plataformes plausibles per oferir entrevistes líders i professionals del camp musical des de qualsevol lloc al planeta. La [&hellip;]

VALÈNCIA&#039;N&#039;METAL por Kat SF

entrevistas líderes y profesionales del campo musical
